 (-3 - -1) - (27 + -1))?
14
What is the value of -1 - -28 - (-7122 - -7063)?
86
Evaluate 1 + (-9 - (12 - 2 - (22 + 16 + 5))).
25
Calculate (-2882 - -2892) + (0 - -1) - (1 - 0 - 71).
81
What is -63 + 71 + -20 + 3 + 1 + -2 - -84?
74
What is -288 + 270 + (12 - 13 - (2 + -1))?
-20
What is the value of 6 + 42 + -23 + 21 + 21?
67
What is 38 - -33 - 53 - 74?
-56
Calculate -81 + (-55 - -101) - (0 - -19).
-54
Calculate (130 - 0) + -6 + (-17 - -2).
109
Calculate (-21 - (-6 - -8)) + 30 + -20 - 0.
-13
What is 106 + 0 + 420 + -525?
1
What is (-11 - (-4 + -13)) + (-16 - -2) - 1 - 2?
-11
Evaluate 0 - 10 - (-2 + 1 + (18 - -12) + -7).
-32
Calculate -417 + 432 - (-33 - (-6 - -8)).
50
Calculate 10 - (8 + (17 - 12) + -6 + -22).
25
Calculate -6 + (-10 - (-12 + (-13 - -24 - 8))) + 82.
75
What is -61 + 1 - (-9482 - -9459)?
-37
What is 3 + (-6 - 1 - -21)?
17
22 + -22 + 62 - 17
45
Calculate (-626 - -664) + -68 + 2.
-28
Evaluate 70 + (41 - 59) + -108.
-56
72 + (73 + -47 - 42)
56
14 + (-16 - -20) + (0 - (8 + 4))
6
What is 118 + (-126 - -34 - -11)?
37
(-41 - 1) + (17 - (27 - 3)) + 3
-46
What is the value of -32 + (-16 - -83) - (-20 + -33)?
88
Evaluate 23 - (-2 + (0 - -11)) - (23 + -49).
40
Calculate ((35 - 5) + -12 - -7) + 12.
37
What is (50 - 4) + (3 - -1) + 82 + -90?
42
-30 - (2 + -19 + -21)
8
Evaluate 36 - (0 - (-110 + 125 - (18 - 1) - 10)).
24
(2 - (5 + -1)) + -5 + 9 - (55 + -41)
-12
Calculate 3 - (37 + (-92 - 29)).
87
What is -184 - (-139 - (40 - 110))?
-115
Evaluate 147 - (320 + -104 - 10).
-59
Calculate -43 - ((15 - 20 - -2) + 13).
-53
Calculate 33 - (-3 + (-10 - -9) - 1).
38
-66 + 1 + (-22 - -3 - (-34 + 1 + 25))
-76
Calculate -9 + -10 + 7 + 7 + 49 + -75 + 65.
34
-46 + 5 + -6 - (12 + (12 - 2) + -19)
-50
What is 5 + (-8 + 8 - (-12 - -6)) + -12 + -62?
-63
What is the value of ((9 - (7 + -4)) + 7 - (-51 + -2)) + -2?
64
What is 77 + 0 + -56 + 22?
43
Evaluate 14 + 1 + -1 + -45 + 16 + -28.
-43
Evaluate (-4 - -55 - (-9 + 11 + 12)) + 7.
44
What is the value of 13 + -30 - (-28 + 24 - -49) - 3?
-65
Evaluate (-9 + 12 - 20) + 5 + -22 + -1.
-35
44 + 6 - (-318 + 396)
-28
Calculate (-5 - 23) + (-28 - -13 - 2).
-45
-57 + 69 + (7 - -1)
20
What is the value of -5 - -3 - 2 - ((1 - -3) + 18 + -57)?
31
What is the value of 55 + (-28 - 82) - -100?
45
Evaluate -3 + 7 - (22 + -20) - 15.
-13
Evaluate (-4 - (-7 - (-5 + 3))) + 15 - 19.
-3
What is the value of 3 + (19 - (8 - 5))?
19
What is -48 - (16 - (87 - 71))?
-48
Evaluate -48 - -22 - -9 - -36.
19
What is the value of 11 - (49 + 13) - (5 + -38)?
-18
What is the value of -75 - ((8 - -30) + -164)?
51
Calculate 11 - 15 - 6 - -21.
11
Calculate 3 - ((38 - 1 - 1 - 3) + 8 - 9).
-29
Evaluate -55 + 46 - (-62 + 19).
34
What is the value of 8 + -28 + (-2 - -10) - (14 + -44)?
18
Evaluate -39 - (-27 + 17 + 9 + 2 + 6).
-46
Calculate 1094 + -1133 + 2 + -2.
-39
What is the value of -25 + -2 + 6 + (-2 - -1 - 5) + 0?
-27
What is the value of (-2 - (-1 - -2)) + 29 - (-25 + 55 + -42)?
38
What is (21 + -16 - (0 + 0)) + -33 + 7?
-21
What is the value of 10 + (-48 - (48 + -20))?
-66
Calculate 15 + (3 - 52 - -11) + -64.
-87
Evaluate -5 + -90 - ((-18 - -1) + 7 + 16).
-101
What is -31 + -1 + -7 + (-16 - -16)?
-39
Calculate 55 - (14 + -28) - 1.
68
What is the value of (-26 - (-12 + -17 + 18)) + 11?
-4
Calculate 2 + 24 + (24 + -13 + -3 - -1).
35
Evaluate 13 - 1 - (-9 + -38 - (-166 + 104)).
-3
What is 9 + -2 - (59 - 52) - (61 - (-4 - -4))?
-61
What is 12 - (98 - (19 - -24))?
-43
Evaluate 10 + -16 + -29 + -3 + (1 - 3) + 8.
-32
5 + (14 - -26) + -39 + (0 - 20)
-14
Evaluate 5 - -28 - 10 - (91 + -112).
44
Evaluate (56 - 1) + (55 - (32 + (23 - 6))).
61
What is -7 + (-21 - -31) - (59 + 2) - (-11 - -25)?
-72
Calculate -30 + -1 + (848 - 829).
-12
-2 + 24 + -92 + 1 + 13
-56
What is (2991 - 2973) + (60 - 1)?
77
Evaluate 4 + 1 - (12 + -68 + 43 - (-17 + 1)).
2
Evaluate 33 + -7 + -54 - -69.
41
Evaluate (136 - 0) + 1857 + -1952.
41
What is the value of 11 - (1 + 11) - 6 - (-81 - (-16 - -24))?
82
-95 - -126 - 137 - -203
97
What is the value of (-98 - -15) + 51 + 19?
-13
What is 1 - (-3 + -13 - -9 - (-1 + 5 + -1))?
11
Calculate (28 - 52) + 13 + 0 + -41 + 0 + 3.
-49
What is -8 + 10 + (-58 - -66) + -35 + 2?
-23
-4 + (11 - (14 - -9)) + -64
-80
Calculate -24 + -62 - (-17 + 11 - 5 - 3).
-72
Calculate -2 + (-6 - (-10 + 4)) + 2 - (936 - 1036).
100
What is the value of 43 - (-15 + 8 - (4 - ((-3 - 5) + 13)))?
49
What is -16 - (-2 - -15) - -16?
-13
Calculate (-5 - -15 - -46) + -10.
46
(-1 - (4 + -1)) + (-1 - 28) + 708 + -588
87
What is the value of (-4 - -1) + (5 - (-18 + 6 + -14 + 12))?
16
40 + (8 + -53 - 22)
-27
Calculate (-57 - -85) + -42 + -3 - 29.
-46
What is -1 + (-1 - -2) - (1340 + -1335) - -21?
16
24 + 32 + -51 + (38 - -1 - (14 + -13))
43
What is 11 - (-26 + (-1 - -10))?
28
What is the value of -1520 + 1520 + -54 + 1?
-53
Evaluate (103 - 119) + 0 + 0 - (-11 - -7).
-12
87 + -59 - (-12 - (13 + -19))
34
-1 + 5 + 2 - (-10 + -11 + 54)
-27
Evaluate -68 + 6 + 1191 + -1061.
68
11 + (6 - 52 - (4 - 0))
-39
What is the value of 10 + -5 + -2 + -10 - 20?
-27
Calculate 22 + 25 - (2 - 0 - (-3 - -4)) - 5.
41
Evaluate (-2018 - -2020 - (0 - -15)) + (7 - 0) - 2.
-8
53 + 11 + -22 + -48
-6
What is (-9 + 35 - -19) + 7 + -13?
39
Calculate (0 - 49) + (-15 - -39 - 6).
-31
Calculate 8 + 1 - (-36 + 124 + -34).
-45
Calculate -98 - (75 - 19 - 107).
-47
What is -13 + (0 - -6 - ((-13 - (-1 + 81)) + -8))?
94
Calculate -35 + -105 - 14 - -40 - -19.
-95
(10 - 10 - 6) + (-99 - -81)
-24
Evaluate -89 + (207 - 121) - ((5 - -2) + -2).
-8
61 + -66 - ((2 - -19 - -1) + 4)
-31
What is the value of 54 - (372 + -357 + -24 + (-2 - -5))?
60
Calculate (-105 + -5 - (-26 + 35 - 27)) + 16.
-76
What is the value of 5 + (-498 + 485 - (-1 + 12 - 0))?
-19
What is 62 - (-1 - -2) - (-18 + -205 - -205)?
79
What is the value of -1 + (-3 + -4 - (-173 + 168)) + -28?
-31
(18 + -11 + 48 - (7 - -1)) + 19
66
What is the value of 18 + (18 + 0 + (-9 - 10) - 10)?
7
What is the value of (-98 - -75 - -102) + -115?
-36
What is 0 + 19 + (124 - 135) - 29?
-21
What is the value of 12 - (-17 + (-8 - (-15 + -17)) - (2 + -62))?
-55
What is (-9 - (-126 - -82)) + (-16 - (1 - 3 - -1))?
20
10 + (-8 - ((531 - 521) + (0 - 2) + -13))
7
Evaluate 17 + (13 + -24 - 24) - -74.
56
Calculate (7 - 5) + 5 + 10 + -18 + -10 + 76.
65
What is the value of -1 - (-5 - (9 + -16 + 16 + -4))?
9
Evaluate (-7 - 83) + 98 + -34.
-26
(-34 - (-31 + 18)) + 66
45
What is the value of 43 + -1 - 8 - 34 - 7?
-7
What is the value of -1 + (-1 + -6 - 8) - -2?
-14
What is 7 - 3 - 0 - (13 - (-19 + 13))?
-15
What is the value of (4 - (-1 + -2)) + 32 + 41 + -49?
31
Calculate (-12 - (-32 - 0 - 2) - (7 + 4)) + -17.
-6
Calculate (6 - 2) + (3 + -12 - 16 - 18).
-39
What is -1007 + 997 + -90 + -1 + (-4 - 11 - -14)?
-102
What is 1 + (-43 - -47) - -32?
37
-5810 + 5789 + 21 + 0
0
Calculate 4 - 0 - -9 - (-715 + 729).
-1
What is 15 - (42 - (36 + -113) - (-7 + -1))?
-112
Calculate (-1 - 7) + (-25 - -32 - 46).
-47
What is the value of -78 - (5 - (7 + (10 - 15 - 12)))?
-93
Calculate (-3 - 1 - -41 - 1) + -53 + 55 + -9.
29
What is 92 + -4 + -46 - 99?
-57
1 - ((-146 - -91) + (-1 - 3)) - -13
73
What is (27 + -39 - -2) + -2?
-12
Calculate 4 + (58 + -8 - -7) + (33 - 28).
66
Calculate (59 - 6 - -14) + -22.
45
Evaluate -92 + 58 + 44 + (-11 - (2 - 2 - 3)).
2
Evaluate -254 + 263 + -50 + 8.
-33
Calculate 31 + -40 - (-7 + -11) - -36.
45
What is (18 + 31 + -30 - -1) + -1 + -27?
-8
Calculate 15 + -6 - 12 - (-56 + 3 + (-4 - -2)).
52
Calculate -1215 + 1150 + 1 + 6.
-58
Evaluate -4 - (78 - -1) - -55.
-28
-50 + -17 + -141 + 259
51
What is 55 + (11 - -3) + 56 + -92?
33
(-59 - -182) + 28 + -74
77
What is (-7 - (-95 - -7)) + 26 + 54 + -90?
71
Evaluate (-3 - (-3 - -2)) + (-11 - (-14 - -5 - 0)).
-4
Calculate (3810 - 3985) + (0 - -35).
-140
(-20 - 10) + 9 + 30 - (-10 - -3)
16
What is the value of -8 - (-19 - 2 - (-98 + 92)) - (1 - -49)?
-43
-109 - (-38 - (-28 - -65))
-34
Evaluate -1 + -5 + 9 + (-8 - (8 - 5)).
-8
Evaluate -4 + (15 - 13) - (-2 + (-4 - -1 - 3)).
6
Evaluate -12 - (17 + (8 - (-19 + 18)) + -9).
-29
What is the value of (137 - (208 + -142)) + -154?
-83
726 + -762 + 7 + 4
-25
Evaluate 152 - ((-106 - -103) + 155).
0
50 - (63 + (-4 - 3))
-6
What is 2 - -16 - (-50 - (39 - 87))?
20
Evaluate -47 + (-66 - (-73 - -24)).
-64
What is t